st the prime factors of z.
5, 19
Suppose 0 = 3*r - 9, -1 = -3*w - 2*r - 22. Let c be (w/(-6))/(12/16). List the prime factors of (c - 6)*42/(-8).
3, 7
Let y(n) be the first derivative of n**2/2 + 4*n + 1. Let z be y(-4). Suppose z = -5*a + 4*f - 15 + 64, -8 = -a - f. List the prime factors of a.
3
Let g(r) be the first derivative of r**5/30 + r**4/8 + r**3/2 + 2*r**2 + 5. Let z(o) be the second derivative of g(o). What are the prime factors of z(-3)?
2, 3
Let w = -1199 - -4916. List the prime factors of w.
3, 7, 59
Let d(y) = y**2 - 15*y - 171. What are the prime factors of d(-41)?
5, 17
Let n be (-7)/(-21) + 1/(-3). Suppose -272 + n = -4*z. List the prime factors of z.
2, 17
Let x be (-1 + 1)/(6 + -4). Let a(v) = -v**2 - v + 96. List the prime factors of a(x).
2, 3
Let y = -5 + 129. Let g = y - 66. What are the prime factors of g?
2, 29
Let p(d) = d**3 + 2*d**2 + 2. Let a be p(-2). Let c(f) = -2*f + 28. Let g be c(3). Suppose -a*b + 38 + g = 0. List the prime factors of b.
2, 3, 5
Let r(i) = i**2 + 2*i + 2. Let j be r(-3). Suppose 5*h - 4*u = 36 - 4, j*h - 8 = -4*u. List the prime factors of (8/(-4))/((-2)/h).
2
Let h(k) = -41*k - 54. What are the prime factors of h(-4)?
2, 5, 11
List the prime factors of 308/(-3)*1365/(-140).
7, 11, 13
Suppose -6737 = -10*x - 867. List the prime factors of x.
587
Let k = 214 - -27. List the prime factors of k.
241
Suppose 8*m = 3*m - 50. Let a(g) = g**2 + 6*g - 2. List the prime factors of a(m).
2, 19
Let l(v) = v - 8. Let f be l(10). Suppose 0 = f*u - 6 - 6. List the prime factors of (-2)/u + 165/9.
2, 3
Suppose 31*r + 133945 = 74*r. What are the prime factors of r?
5, 7, 89
Let z be 5/3 - (-3)/9. Let d(o) be the first derivative of 3*o**4/4 - o**3/3 - 3*o**2/2 + o - 2. List the prime factors of d(z).
3, 5
Let q be 7 + (-3)/(9/6). Suppose -3*r + 5*x + 3 = -11, 3*x - 12 = -q*r. Suppose -r*j = 2*j - 135. What are the prime factors of j?
3
Let r = -10 - -13. Suppose -122 = -r*g - 4*h, 6*g - 4*g + 5*h - 93 = 0. What are the prime factors of g?
2, 17
Let n(m) be the first derivative of 4*m**2 + 3*m + 2. List the prime factors of n(12).
3, 11
Suppose 4668 = -18*i + 40020. What are the prime factors of i?
2, 491
Let a(r) = r**2 + 7*r - 4. Suppose -2*b + 4*b + 24 = 0. What are the prime factors of a(b)?
2, 7
List the prime factors of (-1695)/10*(-8)/(-36)*-48.
2, 113
What are the prime factors of 4 + -426*3/(-2)?
643
Suppose -i - 128 = -2*g - 5*i, 0 = -2*g - 2*i + 118. Suppose 0 = t + 2*t - g. What are the prime factors of (-388)/(-13) + t/117?
2, 3, 5
Suppose 10*i - 40 = 2*i. List the prime factors of -4*i/10*-38.
2, 19
Let r(s) = -18*s - 4. Let w be r(-2). Let t = w + -63. Let g = -24 - t. What are the prime factors of g?
7
Suppose -8*y = -2*y - 72. Let q(r) = r**2 - 10*r. What are the prime factors of q(y)?
2, 3
Let j(w) = -3*w + 2*w - 2*w**2 + w - w + w**3 + 213. What are the prime factors of j(0)?
3, 71
Let x(q) = q**3 - 1. Let g be x(1). Suppose f + 2*f - 6 = g. Suppose -f*m + 34 = y + m, 3*m = 9. What are the prime factors of y?
5
Let l = -78 + 77. What are the prime factors of (l/(-3))/((-1)/(-797 + 2))?
5, 53
List the prime factors of (-2)/(102/238 + 946/(-2191)).
2, 313
Let f(o) = o**3 - 10*o**2 - 2*o + 20. What are the prime factors of f(12)?
2, 71
Let f be 4 - (1 - 1 - 0). Let a(o) = 2*o**3 + 3*o**2 - o + 4. Let t(k) = k**3 + 3*k**2 - k + 3. Let c(g) = f*a(g) - 6*t(g). What are the prime factors of c(4)?
2, 19
Let t = -2532 + 3570. What are the prime factors of t?
2, 3, 173
Let y(q) = 33*q + 35. What are the prime factors of y(18)?
17, 37
Let u = 5 - 1. Suppose -11 = u*f - 2*a + a, -f + 16 = -4*a. Let j(n) = -n**3 - 3*n**2 - 4*n - 6. List the prime factors of j(f).
2, 13
Suppose -16 = 5*b - 61. Let j = 6 - -6. Let h = j - b. List the prime factors of h.
3
Suppose 6 = 4*o - 2, -5*w + 52 = -4*o. Let y = w - 12. List the prime factors of y - (-111)/(6/2).
37
Let y = -136 + 200. Suppose 4*f - 8*f + y = 0. List the prime factors of f.
2
Let l(p) = -p**2 + 8*p - 5. Let r be l(4). Let f = 9 + r. Let k = f + -13. List the prime factors of k.
7
Let b be 172/(-10) + 1 - 4/(-20). Let t = 32 - b. What are the prime factors of t?
2, 3
Suppose -2 = -w - 4. Let z be (-2 - w) + (0 - -1). List the prime factors of (z - -7)/4 - -18.
2, 5
Suppose -m - 1172 = -5*w, -3*w - 4*m = -4*w + 242. List the prime factors of w.
2, 3, 13
Suppose 3*a = 47 + 55. Suppose -2*y = -5*v - a, 4*y + 2 = -2*v + 118. List the prime factors of y.
3
Let g be -5 + 2 + (-1 - -6). What are the prime factors of -4 + 0 + 30 - g?
2, 3
Let c = -289 + 551. Let w = 480 - c. List the prime factors of w.
2, 109
Suppose 0 = 4*w - 5*p - 23 + 52, 0 = -5*w - 4*p + 15. What are the prime factors of 19*(w - 3 - -7)?
3, 19
Let k(x) be the third derivative of x**5/60 - x**4/24 + x**3/6 + 11*x**2. List the prime factors of k(-6).
43
What are the prime factors of ((-168)/(-112))/(6/1252)?
313
Let b(m) = 21 - 29 + 14 + 4*m + m**2. Let h be b(-4). Suppose -3*s = 15, s + h = -p - 2*s. What are the prime factors of p?
3
Let c(k) = -k**3 + 17*k**2 - 17*k - 26. List the prime factors of c(13).
3, 11, 13
Let g(r) = 4*r**2 + 3*r**2 - 3*r**2 + 5*r - 2*r. Suppose -3*h = -2*h + 3. List the prime factors of g(h).
3
Let g = -15 + 12. Let s be (g - (-30)/8)*60. Let i = s - 11. List the prime factors of i.
2, 17
Suppose -1 + 15 = -2*n. Let x(z) = z**3 + 10*z**2 + 5*z + 17. What are the prime factors of x(n)?
3, 43
Let x(a) = a**3 - 6*a**2 - 9*a + 10. Let g be x(7). Let q = 1 - g. Suppose -30 + 85 = q*t. List the prime factors of t.
11
Suppose 2*t - 11 = -4*n + 11, -5*t = -n - 66. Let y(p) be the second derivative of -p**5/20 + 13*p**4/12 + p**3/3 + 2*p. What are the prime factors of y(t)?
2, 13
Suppose o = -2*q + 4887, 3*o - 2*q = -0*q + 14621. What are the prime factors of o?
4877
Suppose o + 4*p = 84, -3*o - 4*p + 12 = -216. Suppose 6*t = 18 + o. What are the prime factors of t?
3, 5
Let l(q) = q - 3. Let h be l(6). Suppose 78 = -5*v - c, 4*v - h*v + 6 = 3*c. Let a = v - -36. List the prime factors of a.
3, 7
Let a(k) = -2*k + 113. Let i be a(0). Let o = -27 + i. List the prime factors of o.
2, 43
Suppose 34 + 5 = -3*w. Let u(i) = -3*i - 25. Let h be u(w). What are the prime factors of -2 - (-4 + h)*-1?
2
Let w(m) = -m**3 - 7*m**2 - m + 2. Let l be w(-7). Suppose -l*r + 126 = -12*r. What are the prime factors of r/4*2/(-3)?
7
Let x be (-44)/(-33)*21/(-2). Let g = -11 - x. Suppose 6 + 5 = 2*i + g*j, -5*i - j = -47. List the prime factors of i.
2, 5
Suppose -13*v - 946 = -18*v + 3*y, -y + 3 = 0. What are the prime factors of v?
191
Suppose -7*q + 4375 + 2401 = 0. What are the prime factors of q?
2, 11
Suppose -4*g = -4*i - 1768, -2*g + 877 = 2*i + 3*i. What are the prime factors of g?
3, 7
Suppose -3*t - 16*t = -9614. List the prime factors of t.
2, 11, 23
Let v(l) = -l**2 + 17*l - 11. Let s(m) = -11*m**2 - m**3 - 4 + 3*m**2 + 3 + 3*m - 12*m. Let c be s(-7). What are the prime factors of v(c)?
41
Let p = 5 - -75. Suppose 85*a = p*a + 1010. What are the prime factors of a?
2, 101
Suppose 0 = 4*p + m + 24, -3*m - 9 = 4*p + 15. Let b be ((-2)/p)/((-3)/99). Let i = b + 51. List the prime factors of i.
2, 5
Let b(a) be the second derivative of -a**3/6 + 19*a**2 + 10*a. Let m(q) = -3*q + 113. Let v(t) = -17*b(t) + 6*m(t). List the prime factors of v(13).
19
Let c(g) = g**2 - 18*g + 25. List the prime factors of c(-25).
2, 5, 11
Suppose 9726 + 18006 = 12*g. What are the prime factors of g?
2311
Suppose d = 7*d - 30. Suppose 100 = v + d*p - p, -4*p - 60 = -v. List the prime factors of v.
2, 5
Let b = 48 - 25. Suppose 0 = b*w - 22*w - 227. List the prime factors of w.
227
Let x = 210 - 205. List the prime factors of x.
5
Let p(q) = q - 4. Let k be p(3). Let t(c) = -16*c**3 + c**2 + 2*c + 1. Let w be t(k). What are the prime factors of (7/(-2))/((-8)/w)?
7
Let f = 150 + 187. List the prime factors of f.
337
Let z(o) be the third derivative of o**6/120 + o**5/20 - o**4/12 + 2*o**3/3 - 4*o**2. Let l = 1 + -4. List the prime factors of z(l).
2, 5
Let x(u) = 35*u - 142. List the prime factors of x(6).
2, 17
Suppose -3*f + 14 = 2. Let x be f/(-6)*(-4 - -43). Let h = x - -30. List the prime factors of h.
2
Suppose 2*i + 17*o - 4872 = 19*o, 2*o = -2*i + 4868. What are the prime factors of i?
5